 -3*g + 3*j - j = 3. What is the units digit of g?
1
Suppose 5*n + 5*i - 1611 = 2069, -3*i - 2220 = -3*n. What is the tens digit of n?
3
Suppose 0 = -g - 3*g. Let k(r) = -2*r + 14. What is the units digit of k(g)?
4
Suppose 3*k - 3*i = -36, -2*i - 3*i - 31 = 2*k. Let h = k - -10. What is the units digit of 400/15 + (-1)/h?
7
Suppose -i = 5*j - 3*i + 17, -2*j + 4*i = 10. Let u be (2 + 0)/((-2)/j). Suppose 2*b = -u*b + 45. What is the units digit of b?
9
Let w(v) = 4*v + 44. Let c be w(-13). Let f(o) = 3*o**2 + 9*o - 22. What is the tens digit of f(c)?
9
Let x(h) = -323*h**3 + 2*h**2 - 1. What is the tens digit of x(-1)?
2
Let b be 16/20*(-10)/(-4). Let g(x) = 26*x**2 - 2*x - 2. What is the units digit of g(b)?
8
Let x(g) = 4*g**3 - 9*g**2 + 25. What is the units digit of x(8)?
7
Suppose -h = z + 3*z + 38, -10 = -5*h. Let x = -16 - z. Let p(a) = a**3 + 7*a**2 + 7*a + 7. What is the units digit of p(x)?
1
Let c(u) = 12*u**2 - 38*u + 31. What is the tens digit of c(12)?
0
Suppose -3*i - j + 11 = 0, i - 24 = -4*i + 4*j. Suppose x = -i*y + 50, 2*x - 325 = -3*x - 5*y. What is the units digit of x?
0
Let t(n) = -2*n**3 + 2*n - 2. Let s be t(2). Let h = 46 + s. Suppose h = -i + 2*i. What is the units digit of i?
2
Suppose -3*s + 1 = 37. What is the units digit of (s/30)/(2/(-30))?
6
Suppose 3*m = -12, -522 = -4*y - 2*m + 298. What is the hundreds digit of y?
2
Let c be 0/(3 + 0 + -2). Suppose 3*l - 2 + 5 = c. What is the units digit of -150*((-10)/(-25))/l?
0
Suppose 4*g - 2560 = -2*t - t, 0 = 2*g - 2*t - 1266. Let h = -422 + g. What is the hundreds digit of h?
2
Let d(k) = 2*k**3 - 14*k**2 + 9*k - 6. Let y be d(9). Suppose -g - 19 - y = 4*t, 3*g = 3*t + 321. Let f = -69 - t. What is the tens digit of f?
3
What is the thousands digit of 973 + 29 - -2*2/(-4)?
1
Let m be (-3 + 1 - -1) + -40. Let n(i) = -14*i + 9. Let o be n(6). Let s = m - o. What is the units digit of s?
4
Let l(w) = w**2 + 2*w - 5. Let r be l(-4). Let c be 28/3 + 16/24. Suppose -150 = -5*t + x, -5*x - c = -r*x. What is the tens digit of t?
2
Suppose 0 = 3*d - 4 - 2, 8 = 4*l - 4*d. Let o = 21 + l. What is the tens digit of o?
2
Let v(s) be the third derivative of -1/3*s**3 + 0 - 4*s**2 + 0*s - 1/24*s**4 - 1/6*s**5 - 1/120*s**6. What is the units digit of v(-10)?
8
Suppose -3505 + 175 = -6*y. Suppose 5*i = 3*v + 330 + 603, 0 = -3*i - 3*v + y. What is the tens digit of i?
8
Let p(r) = -r**3 - 4*r**2 + 3*r + 12. Let k be p(-5). Let z = 25 - k. Suppose s = -t - 4 + 12, 0 = z*s - 5*t - 56. What is the tens digit of s?
1
Let j be (-4752)/(-55) + 4/(-10). Suppose -5*t = -14 - j. What is the tens digit of t?
2
Let y(o) = 8*o**2 - 7*o - 23. What is the units digit of y(-10)?
7
Suppose 0*t + 15 = 5*t + 2*x, 5*t = -4*x + 15. Suppose -m = -2, 6*m - t*m - 42 = -4*s. What is the units digit of s?
9
What is the units digit of (-40)/220 - (-992)/11?
0
What is the hundreds digit of (530 - (-2 - -3))*1?
5
What is the thousands digit of (-52602)/44*1*-2?
2
Suppose -5*j + 21580 = 4*c, j = 2*c + 2*c + 4316. What is the thousands digit of j?
4
Suppose 5*p - 141 - 59 = 0. What is the tens digit of (p - 2)*3/6?
1
Let l(z) = -2*z + 42. What is the units digit of l(17)?
8
Suppose 0 = 15*h - 32*h + 11849. What is the tens digit of h?
9
Let l = 40 - 37. Suppose -h + l*h = z - 26, -2*z = 2*h - 22. What is the tens digit of z?
1
Suppose -1987 = -11*i - 84. What is the hundreds digit of i?
1
Suppose -2*v + 11 = 4*t - 9, 25 = v - t. Suppose -2*g + 4*k + 20 = -0*k, -g = 3*k - v. What is the tens digit of g?
1
Let k be 4/10*(45 - 0) - 2. What is the units digit of 1*(k - 1) - 4?
1
Let j be (-3)/((-5)/(100/6)). Let s be (15/3)/(2/j). Let o = 41 - s. What is the tens digit of o?
1
Let u(s) = s**2 - 2*s - 5. Let p be u(0). Let a(t) = -12*t - 7. What is the units digit of a(p)?
3
Let p = 1376 + -1185. What is the hundreds digit of p?
1
Suppose -j + 9 = z - 0*j, -j - 9 = -z. Let y = z - 6. Suppose 0 = -2*q - 5*t + 36, -4*q - 5*t + y*t = -72. What is the tens digit of q?
1
Suppose -20 = -3*l + l. Suppose l*d - 7*d - 168 = 0. What is the units digit of d?
6
Let x(c) = 2*c**2 - 10*c + 7. Let a be x(6). Suppose 5*o + z = 140, -o = -0*z + 2*z - a. Suppose -2*r + o = -9. What is the tens digit of r?
1
Suppose 9*q - 350 = 514. Suppose -y = -32 - q. What is the hundreds digit of y?
1
Suppose 97 = -4*s + 945. What is the tens digit of s?
1
Let d = 57 - 52. Suppose -c + o = 2*c - 10, -5*o - 20 = 0. Suppose 3*s - 33 = 3*g, 3 + d = s + c*g. What is the tens digit of s?
1
Suppose 0 = 13*y + 22*y - 5600. What is the tens digit of y?
6
Let a(i) = 3*i**2 - 3*i - 2. Let t(o) = -o**3 - 5*o**2 + 7*o + 4. Let d = -8 - -2. Let y be t(d). What is the tens digit of a(y)?
1
Suppose 5*v - 9 = 4*v. Let j(g) = -3*g + v*g + 3*g + 1. What is the units digit of j(2)?
9
Let y(t) = 22*t**2 - 7*t - 6. What is the units digit of y(-3)?
3
Let u be 1 - (-3)/(3/(-16)). Let t = -7 - u. What is the tens digit of (3 - (-1 - t))*2?
2
Suppose -m + 15 = -4. Let k be 13888/210 + 1/((-30)/4). What is the units digit of m/6 - 11/k?
3
Suppose -12*b + 8*b - 4*y = -3520, 2*y = 3*b - 2615. What is the hundreds digit of b?
8
Let v(b) be the first derivative of b**3/3 + 17*b**2/2 + 5*b - 8. Let s be v(-13). What is the units digit of (-2)/(-7) - s/7?
7
Suppose 15 = -5*q, 4*a + q - 2*q = -405. Let m = -31 - a. What is the units digit of m?
1
What is the tens digit of ((-1116)/(-54))/(4/138) - -4?
1
Let n(g) = 9*g + 18*g + 23 + g - 7*g. What is the tens digit of n(6)?
4
Let t(s) = 68*s**3 - s**2 + s. Let c be t(1). Let a = c + -42. What is the tens digit of a?
2
Let d be 6/14 + (10/(-7) - -1). Suppose -29*u + 26*u + 768 = d. What is the units digit of u?
6
Let c(d) be the second derivative of -37*d**3/6 - 38*d**2 - 3*d - 5. What is the units digit of c(-8)?
0
Let v be 14*(-2)/(-4)*74. Suppose 0 = -4*g - l - 154 + v, 0 = -g + 3*l + 91. What is the units digit of g?
1
Let o(d) = 2*d**3 - 2*d**2 - d - 2. Let j be o(2). Suppose 0 = j*y + y. Suppose -3*v - 2*v + 71 = -2*i, 5*i + 15 = y. What is the units digit of v?
3
Let v be (3/(-9))/(1/(-18)). Let l = v + 98. What is the tens digit of l?
0
Suppose -4*y + q = -2263, 0 = 5*y - 2*y - 4*q - 1694. What is the hundreds digit of y?
5
Let i(b) = -8*b - 2. Let z be i(-2). Let x = 25 + z. What is the tens digit of x?
3
Let j = 8 - 5. Let z be ((-1)/j)/((-2)/(-6)). Let y(u) = 19*u**2 - u - 1. What is the tens digit of y(z)?
1
Let u(b) = b**3 + 7*b**2 + 3*b - 1. Let g = -18 + 21. Suppose -4 = -g*v + v, 0 = 2*m - 3*v + 14. What is the units digit of u(m)?
5
Suppose 0 = 2*u - 8, 6*f + 946 = 11*f + 4*u. Suppose -4*g + i + 687 = -114, f = g - 5*i. What is the units digit of g?
1
Let o(u) = 90*u + 348. What is the thousands digit of o(22)?
2
What is the tens digit of (-425)/51*612/(-20)?
5
Suppose -3*x = -15, 4*x - 8 = 5*o - 3. Suppose -2*a = -4*b - 4, 4*a - o = 3*b - 0. Suppose d - 42 + 9 = 5*i, a = 5*d - 3*i - 275. What is the units digit of d?
8
Let g(o) = 14*o - 16. Let u be g(5). Let d = 124 - u. What is the tens digit of d?
7
Suppose -5*b + j + 41 - 12 = 0, -j = 4. Suppose -10 = -b*l - g + 79, -2*l + g = -37. Let a = l + 9. What is the units digit of a?
7
Suppose -73*m - 132 = -74*m. What is the units digit of m?
2
Let j(z) = -z**3 + 8*z**2 - 4*z - 13. Let d be j(7). Suppose 5*m - 7*f = -d*f + 270, -2*f = 0. What is the units digit of m?
4
What is the units digit of (-30519)/12*120/(-90)?
1
Let z = 16 + -15. Let y(j) = -5*j + z - 2*j**3 - j + 3*j**3 + 4*j**2 - 2. What is the units digit of y(-4)?
3
Let m be (-6)/(-9)*(15/(-6) + 4). What is the hundreds digit of (2/m + 103)/1?
1
Let x(a) = 578*a**2 + 3*a + 3. What is the units digit of x(-1)?
8
Let j be (60/(-1))/(-4) + -1. Let u = j - 14. Suppose -2*b + 4*f + 92 = b, u = 5*b + 3*f - 163. What is the units digit of b?
2
Let k = 34 + -30. Suppose k*h + 190 = -30. Let v = h - -95. What is the units digit of v?
0
What is the hundreds digit of (12051/36 + -12)*12?
8
Suppose -35 = -3*d + 8*d. Let p = d - -7. Suppose 0 = -5*j + 25, p*m - 4*j = 4*m - 44. What is the units digit of m?
6
Let h(x) = 478*x**2 + 10*x - 9. What is the units digit of h(1)?
9
What is the hundreds digit of (-43668)/(-45) - (-6)/(-15)?
9
Let d(f) = 142*f + 92. What is the hundreds digit of d(13)?
9
Let y = 163 + -161. S